of 2224053975.
3, 5, 11, 13, 207371
List the prime factors of 11619318.
2, 3, 41, 149, 317
What are the prime factors of 233053869?
3, 193, 402511
List the prime factors of 68403525.
3, 5, 912047
List the prime factors of 652250531.
43, 163, 93059
What are the prime factors of 659306395?
5, 11, 2099, 5711
List the prime factors of 2571276948.
2, 3, 3779, 56701
What are the prime factors of 1317335230?
2, 5, 131733523
What are the prime factors of 3852510335?
5, 17, 47, 964333
What are the prime factors of 191099020?
2, 5, 7, 89, 313
What are the prime factors of 435117812?
2, 2897, 37549
What are the prime factors of 2981029?
2981029
List the prime factors of 415864304.
2, 503, 51673
What are the prime factors of 1675426566?
2, 3, 11, 53, 478967
List the prime factors of 1561222294.
2, 103, 7578749
List the prime factors of 1343010223.
431, 3116033
What are the prime factors of 1373664954?
2, 3, 67, 3417077
List the prime factors of 31484376.
2, 3, 7, 11, 631
List the prime factors of 141934485.
3, 5, 7, 11, 122887
List the prime factors of 422654052.
2, 3, 43, 59, 13883
List the prime factors of 615120424.
2, 76890053
What are the prime factors of 19610732?
2, 409, 11987
List the prime factors of 96845034.
2, 3, 11, 13, 41, 2753
What are the prime factors of 252374619?
3, 7, 12017839
List the prime factors of 23580046.
2, 7, 1684289
List the prime factors of 15242766.
2, 3, 7, 11, 32993
List the prime factors of 29239430.
2, 5, 11, 265813
List the prime factors of 1079810603.
19, 56832137
What are the prime factors of 1459435435?
5, 1571, 185797
List the prime factors of 66189525.
3, 5, 149, 5923
What are the prime factors of 461671290?
2, 3, 5, 5129681
List the prime factors of 509984204.
2, 83, 1536097
What are the prime factors of 2169567005?
5, 6337, 68473
List the prime factors of 604893326.
2, 163, 1855501
List the prime factors of 445128569.
29, 15349261
What are the prime factors of 162491745?
3, 5, 13, 131, 6361
List the prime factors of 125267578.
2, 149, 420361
What are the prime factors of 53717280?
2, 3, 5, 17, 29, 227
List the prime factors of 195281067.
3, 193, 367, 919
What are the prime factors of 3778160556?
2, 3, 314846713
List the prime factors of 68739227.
2477, 27751
What are the prime factors of 310264470?
2, 3, 5, 383, 9001
List the prime factors of 328218453.
3, 37, 53, 6199
List the prime factors of 694932082.
2, 13, 26728157
What are the prime factors of 182849246?
2, 17, 5377919
List the prime factors of 20238406.
2, 163, 62081
List the prime factors of 70443569.
7, 10063367
List the prime factors of 754256408.
2, 17, 2239, 2477
What are the prime factors of 12847015?
5, 491, 5233
List the prime factors of 2827230438.
2, 3, 19, 24800267
What are the prime factors of 111164944?
2, 11, 631619
List the prime factors of 264961310.
2, 5, 53, 499927
What are the prime factors of 492884096?
2, 3850657
What are the prime factors of 158652222?
2, 3, 26442037
What are the prime factors of 8207892?
2, 3, 7, 11, 47
List the prime factors of 22542522.
2, 3, 3757087
List the prime factors of 852959502.
2, 3, 47386639
List the prime factors of 2465071822.
2, 1232535911
List the prime factors of 1042971278.
2, 43, 257, 47189
List the prime factors of 748668826.
2, 5581, 67073
List the prime factors of 6317852.
2, 199, 7937
List the prime factors of 54923648.
2, 13, 2539
What are the prime factors of 1874466112?
2, 601, 48733
What are the prime factors of 67037729?
11, 2389, 2551
List the prime factors of 2918293100.
2, 5, 17, 241, 419
List the prime factors of 138208855.
5, 3547, 7793
What are the prime factors of 95658819?
3, 3709, 8597
What are the prime factors of 61843582?
2, 4909, 6299
What are the prime factors of 615812373?
3, 11, 23, 229, 1181
List the prime factors of 176264849.
176264849
What are the prime factors of 4139353480?
2, 5, 109, 593, 1601
List the prime factors of 123573887.
3361, 36767
List the prime factors of 311046237.
3, 3840077
What are the prime factors of 1804370?
2, 5, 180437
What are the prime factors of 589866017?
13, 17, 2669077
List the prime factors of 101092971.
3, 7, 4813951
List the prime factors of 20472021.
3, 84247
What are the prime factors of 2399947301?
503, 4771267
What are the prime factors of 623528689?
7, 23, 113, 34273
What are the prime factors of 170412870?
2, 3, 5, 43, 132103
List the prime factors of 207149177.
59, 1049, 3347
List the prime factors of 167623886.
2, 29, 211, 13697
List the prime factors of 1504848086.
2, 7, 101, 347, 3067
List the prime factors of 149239626.
2, 3, 29, 53, 16183
List the prime factors of 157851214.
2, 3347, 23581
List the prime factors of 1971207321.
3, 657069107
What are the prime factors of 253889462?
2, 126944731
What are the prime factors of 1851939743?
15823, 117041
List the prime factors of 17607220.
2, 5, 880361
List the prime factors of 450530422.
2, 53, 4250287
List the prime factors of 37842853.
37842853
List the prime factors of 460758979.
83, 487, 11399
What are the prime factors of 540953508?
2, 3, 41, 1099499
What are the prime factors of 2465294192?
2, 23, 857, 7817
List the prime factors of 4644304355.
5, 89, 131, 79669
What are the prime factors of 99378094?
2, 19, 1103, 2371
List the prime factors of 197406391.
7, 13, 179, 12119
What are the prime factors of 1309039758?
2, 3, 13, 29, 64301
List the prime factors of 1679629551.
3, 559876517
List the prime factors of 1880887090.
2, 5, 188088709
List the prime factors of 101685632.
2, 67, 71, 167
List the prime factors of 556800123.
3, 11, 23, 271, 2707
List the prime factors of 483429804.
2, 3, 11, 13, 281719
List the prime factors of 3788665745.
5, 757733149
What are the prime factors of 1568183256?
2, 3, 4003, 5441
List the prime factors of 3534692585.
5, 706938517
List the prime factors of 2224360171.
11, 202214561
List the prime factors of 327709865.
5, 7, 23, 53, 7681
What are the prime factors of 47575523?
23, 2068501
List the prime factors of 522815439.
3, 37, 127, 37087
What are the prime factors of 1984185362?
2, 17, 58358393
What are the prime factors of 5014462125?
3, 5, 557, 24007
List the prime factors of 2527726401.
3, 263, 1067903
What are the prime factors of 891948284?
2, 4027, 55373
List the prime factors of 169926215.
5, 19, 53, 33749
What are the prime factors of 410897916?
2, 3, 11, 13, 79817
List the prime factors of 5524814.
2, 2762407
What are the prime factors of 33764861?
13, 2597297
List the prime factors of 10598468.
2, 43, 1433
What are the prime factors of 4499995565?
5, 13, 3797, 18233
List the prime factors of 1452171600.
2, 3, 5, 11, 36671
List the prime factors of 7388461101.
3, 7, 137, 179, 14347
List the prime factors of 71230389.
3, 23743463
List the prime factors of 47995084.
2, 47, 59, 4327
List the prime factors of 1364048710.
2, 5, 89, 1532639
List the prime factors of 1663642746.
2, 3, 17, 647, 2801
List the prime factors of 6289164773.
17, 31, 547, 21817
List the prime factors of 324923176.
2, 17, 2389141
List the prime factors of 185743311.
3, 13, 599, 7951
List the prime factors of 121511383.
7, 101, 171869
List the prime factors of 97473916.
2, 24368479
List the prime factors of 180010818.
2, 3, 13, 821, 937
What are the prime factors of 113717321?
113717321
What are the prime factors of 174621503?
7, 4931, 5059
List the prime factors of 855355121.
617, 1386313
List the prime factors of 4744315110.
2, 3, 5, 23, 6875819
List the prime factors of 1790481.
3, 7, 11, 23, 337
List the prime factors of 483550753.
7, 69078679
What are the prime factors of 7213759969?
13, 554904613
What are the prime factors of 4456402748?
2, 7, 159157241
What are the prime factors of 83045815?
5, 16609163
List the prime factors of 1408394574.
2, 3, 47, 554923
List the prime factors of 4988513.
4988513
List the prime factors of 21451256.
2, 31, 67, 1291
What are the prime factors of 196327687?
5659, 34693
What are the prime factors of 13942013?
13942013
List the prime factors of 101629866.
2, 3, 13, 79, 16493
What are the prime factors of 16288433?
7, 332417
What are the prime factors of 19707766?
2, 13, 199, 293
List the prime factors of 37642321.
37642321
List the prime factors of 82180060.
2, 5, 4109003
What are the prime factors of 25517502?
2, 3, 1417